
Let q be 19 + 3 + -2*2. Let f be (-1006)/(-7) + 6/21. What is the highest common divisor of f and q?
18
Let m(r) be the first derivative of -r**4 + r**3 + r**2/2 + 7. Let x be m(-2). What is the highest common divisor of x and 14?
14
Suppose 0 = -4*g - 4*f + f + 64, 2*f + 31 = 3*g. What is the highest common divisor of 91 and g?
13
Let p = -7 + 9. Suppose -p*t - 6 = 0, -2*h + 14 = -h - 3*t. Calculate the greatest common divisor of h and 35.
5
Suppose -b - 6 = 4*a, 4*b = 4*a + a - 45. Let s be 24/b*120/(-9). What is the greatest common divisor of s and 8?
8
Suppose 0 = 2*j - 4*j + 3*h + 15, h - 5 = 0. What is the greatest common divisor of j and 135?
15
Suppose 5*c - 76 = -4*t, 193 = 5*t - c + 69. Calculate the highest common factor of 168 and t.
24
Let b be -1*(64 - 4)*-2. Let z = -10 + 14. Suppose b = -v + z*v. Calculate the highest common factor of 10 and v.
10
Let a(n) = -n + 2. Let l be a(1). Suppose y = -l - 17. Let f be 1388/9 + 4/y. Calculate the highest common divisor of 14 and f.
14
Let d be 0 + -1 + (-108)/(-3). Let x be d - ((-4)/(-2) + -1). Calculate the greatest common factor of x and 51.
17
Suppose a = 3*a - 24. Calculate the greatest common divisor of a and 4.
4
Let x(q) = q**3 + 11*q**2 - 15*q + 8. Let g = 1 - 13. Let u be x(g). Calculate the highest common divisor of 11 and u.
11
Let c(h) = 6*h + 12. Let t be c(4). Suppose -5*r - 5*g = -245, 8*g - 3*g = -25. Calculate the highest common divisor of r and t.
18
Suppose 50 = 4*b + b. What is the highest common divisor of b and 110?
10
Let b = 11 - -8. Calculate the greatest common divisor of b and 133.
19
Let u(b) = -b + 32. Let l be (-1 - -2)*0/(-2). Let z be u(l). Suppose 5*j + 2 = 22. What is the greatest common factor of z and j?
4
Let u = 4 - -2. Suppose -5*x - u = -1, -21 = -3*q - 3*x. Calculate the greatest common divisor of 32 and q.
8
Let v be 16 + (-1 - 1 - -2). What is the greatest common factor of 24 and v?
8
Let z be -2 - (-3)/(1 + -4). Let l(s) = -17*s - 2. Let n be l(z). Calculate the highest common divisor of 7 and n.
7
Let t = -10 - -25. Let f be 626/6 - (-6)/9. Calculate the highest common factor of f and t.
15
Suppose 0 = -4*c + 3*k + 2 + 25, -c - k = -5. What is the greatest common factor of c and 15?
3
Suppose 0 = 5*i - 101 - 599. Let j = 101 + -81. Calculate the highest common divisor of j and i.
20
Let b(f) = 2*f**3 - 3*f**2 + 2*f + 3. Let x be b(3). Calculate the highest common divisor of x and 9.
9
Suppose -6*i - 4 = -8*i. Let p be ((-6)/10)/(i/(-50)). What is the greatest common divisor of 150 and p?
15
Let i be (-9)/((-3)/2 - 0). Let u(r) = -r**3 + 10*r**2 + r + 9. Let y be u(9). Suppose 0 = -3*m + y + 45. Calculate the greatest common factor of m and i.
6
Let s = -46 - -30. Let g = s + 22. What is the highest common factor of g and 12?
6
Suppose 4*x - 18 = 14. Suppose 3*y - 249 = -5*f, 5*y - 5*f - 142 - 313 = 0. What is the highest common factor of x and y?
8
Let s(f) = 3*f**3 + 3*f**2 + f + 1. Let m be s(3). Let i be -3 + 1 + 32 + -2. What is the highest common factor of m and i?
28
Suppose 5*y - 27 = -0*f - 3*f, 2*y - 36 = -4*f. Suppose -4*v - 157 = -601. Let u = v - 39. What is the greatest common factor of u and f?
9
Let h = 0 + 1. Let p = -323 + 334. What is the highest common divisor of h and p?
1
Let s(z) = 2*z + 18. Let d be s(6). What is the highest common factor of 10 and d?
10
Let k(l) = -l - 3. Let t be k(-8). Suppose 0*v - 5*q + 50 = 3*v, -3*v + 4*q + 95 = 0. What is the greatest common factor of t and v?
5
Let r(i) = -i**2 - 10*i - 12. Let h be r(-8). Suppose -h*z = 14 + 10. Let n = 39 - z. Calculate the highest common factor of n and 9.
9
Let s = -7 - -11. Let i = 16 - s. Let h = 21 - 17. What is the highest common divisor of h and i?
4
Suppose 4 - 12 = -4*k. Suppose -4*m + 66 = 4*h - h, h = -k*m + 22. Calculate the highest common factor of h and 55.
11
Let p = -59 - -143. Let t(j) = -3*j - 3. Let i be t(-5). What is the highest common factor of p and i?
12
Suppose -7 - 63 = -5*w. Suppose -5*n - w = -44. What is the highest common factor of n and 6?
6
Let b = 5 - -34. Let q = 75 - b. Let r = 15 + -11. What is the greatest common divisor of r and q?
4
Let s be (-18)/(-12)*20/6. What is the greatest common divisor of 15 and s?
5
Suppose -3*l - 40 = -8*l. Calculate the highest common factor of 4 and l.
4
Let a be ((-2)/(-4))/(1/28). Suppose p = 8*p - 98. What is the greatest common factor of p and a?
14
Suppose 1 = 3*x - 5. Suppose -2*v + x*i = -i - 63, -4*i = -4*v + 132. What is the highest common divisor of v and 18?
18
Suppose 4*w = -x - 0 + 6, 4*x = w + 7. Let b(g) = 5*g - 52. Let f be b(11). Calculate the highest common divisor of f and w.
1
Suppose m + 4*q + 4 + 6 = 0, -5*m - 12 = q. Let y be 19 + m + 1 - -2. Suppose -r - 160 = -5*r + g, 0 = 2*g. What is the highest common divisor of y and r?
20
Let y be (-3)/(-3 + 6/4). Let l = 12 + -2. Calculate the highest common factor of l and y.
2
Let t be 1/((1/4)/1). Suppose -10 = -5*s + t*s. Let q = -31 - -41. Calculate the highest common divisor of q and s.
10
Suppose 2*u = -u + 4*o + 88, -5*u + 150 = -5*o. Calculate the highest common divisor of u and 16.
16
Let j(h) be the third derivative of -h**4/24 + h**3/3 - 4*h**2. Let t be j(3). Let i be t*(-3 + 2) + 21. Calculate the highest common factor of 198 and i.
22
Let q be (6/9)/((-2)/108). Let s = q - -69. Suppose 22 = 4*m + 3*z - 2, 5*m + 2*z = 23. What is the greatest common divisor of s and m?
3
Suppose -5*x + 10 = 3*s, -4*x = s - 6 - 9. Let m be s*12/3*-1. What is the greatest common factor of 60 and m?
20
Suppose 0 = -2*r - 3*a + 24 - 6, -8 = -2*a. Let j be ((-13)/r)/(4/(-12)). Calculate the highest common factor of j and 117.
13
Let a = -14 - -13. Let f be 8 - -4*a/2. Calculate the highest common divisor of 18 and f.
6
Suppose -2 = -2*s, 2*n - 46 = -3*s - s. What is the highest common divisor of 168 and n?
21
Let m = -21 + 105. What is the highest common divisor of m and 21?
21
Suppose 0*m - m = -1. Suppose 0 = 3*d + m - 7. Let z be 85 - (-1 - d/(-2)). What is the highest common factor of z and 17?
17
Suppose 4*l - 44 = 2*l. Suppose 138*f = 146*f - 16. Calculate the greatest common divisor of f and l.
2
Let x(w) = -w + 17. Let p be x(9). Suppose 0 = -2*d - 8 - p. Let t(v) = -5*v - 4. Let s be t(d). What is the highest common factor of s and 12?
12
Suppose -2*v + 24 = 2*v. Suppose -5 = -2*i + 3. Let m be (i/3)/((-1)/(-3)). Calculate the highest common divisor of v and m.
2
Let g be (2 + 5)/((-2)/(-110)). Suppose -5*v + 1559 = 2*u, -2*u - g = -2*v + 233. Suppose -4*w + v = -481. What is the greatest common divisor of 18 and w?
18
Suppose -4*y = 4*i + 4, 4*i = -0*i + 5*y + 41. Suppose i*v - 1485 = -v. Calculate the highest common divisor of 27 and v.
27
Suppose -3*m + 9 = -0*m. What is the highest common factor of 9 and m?
3
Suppose 0 = -4*o - 7*n + 4*n + 13, 5*n = 4*o + 11. What is the greatest common factor of o and 5?
1
Suppose 0 = -2*s + 6*s + 36. Let k be 1*(-6)/s*15. What is the highest common divisor of 5 and k?
5
Let y(l) = -l**3 + 7*l**2 - 2*l + 9. Let z be y(7). Let p = z - -6. Let k be (2/(-6))/((-3)/45). What is the greatest common factor of p and k?
1
Let k = 18 + 18. Suppose 3*p = p + k. Suppose 2*u + 129 = 5*l - 0*u, -2*u = -2*l + 48. Calculate the highest common factor of l and p.
9
Let q be 3/(-3) - (-12)/2. Let u(g) = -g**2 + 6*g + 4. Let n be u(q). What is the highest common factor of 6 and n?
3
Let z(n) be the second derivative of -n**5/20 - 7*n**4/12 - n**3/6 + n**2/2 - 6*n. Let u be z(-7). Calculate the greatest common divisor of u and 12.
4
Suppose 5*r + l - 41 = 0, -l = 4*r - 0*l - 32. Suppose -25 + r = 4*v. Let f be 76/6 + v/6. What is the greatest common divisor of 96 and f?
12
Let p(j) = j + 11. Let n be p(-7). What is the greatest common factor of n and 10?
2
Let l(f) = -f**2 + 21*f + 16. Let r be l(11). Calculate the greatest common divisor of 14 and r.
14
Suppose -53 = -5*f - 13. Suppose -8*z + 76 = 12. Calculate the greatest common divisor of z and f.
8
Let x = 876 - 216. Let y = x - 429. Let f = -132 + y. Calculate the highest common divisor of f and 11.
11
Let a = 137 - -50. What is the greatest common divisor of a and 17?
17
Let f(o) = o**3 + 5*o**2 - 6*o - 2. Let k be -4 - -2 - -3 - 7. Let h be f(